-12). Let m be (0 - -2)/(l/20). Let q(t) = t**3 - 3*t**2 + t - 4. Let b be q(m). Calculate the highest common factor of 80 and b.
16
Suppose -2*y = -31 - 27. Let p be -9 - (-10 - 52) - (-10)/2. Calculate the greatest common factor of p and y.
29
Let t(r) = 3*r**2 - r + 5. Let i be t(2). Suppose -i*v - 2*v + 2261 = 0. What is the greatest common factor of 19 and v?
19
Let u be 4*(9/4 - 1). Suppose 4*i = u*a + 127, 2*i + a = 4*a + 65. Let k be 28*(14/(-4))/(-7). What is the highest common divisor of i and k?
14
Let q = 649 - 605. Suppose -22 = -3*z + z. What is the highest common divisor of q and z?
11
Let v = -1814 - -1844. What is the greatest common divisor of 470 and v?
10
Let g(i) = -7*i**2 - 1. Let z be g(1). Let n = z - -12. Suppose u = 2*h + 10, 5*h - n = -2*u - 11. Calculate the greatest common divisor of u and 36.
4
Suppose -13 - 22 = 5*g. Let r = g + 31. What is the highest common divisor of r and 192?
24
Let x = -149 - -153. Suppose -x*k + 455 = 179. Calculate the greatest common factor of 23 and k.
23
Suppose -29 = -3*p + 457. Suppose -5*x = -x - 20. Suppose -2*q - 4*c = -x*q + 34, 2*c - 46 = -2*q. Calculate the highest common divisor of q and p.
18
Suppose 11*c - 171 = 291. What is the greatest common factor of c and 6?
6
Suppose -4*y = -8, -6*s = -3*s - 2*y - 80. Calculate the greatest common divisor of 196 and s.
28
Let a be (105/(-6))/(1/(-2)). Suppose -a = -5*q - 5. Suppose 2*x - 11 = 1. What is the greatest common factor of x and q?
6
Let o(c) = -c - 1. Let s(r) = 2*r + 10. Let j(u) = -3*o(u) + s(u). Let q be j(5). Calculate the highest common factor of q and 95.
19
Let q = 18 + 0. Suppose 5*w = -3*d + 75, 2*w - 3*d + 17 - 26 = 0. Calculate the highest common factor of w and q.
6
Suppose -5*j + 21 = -14. Suppose -33 = j*m - 285. What is the greatest common factor of m and 4?
4
Suppose 31 + 7 = 2*v. Let t = v - -23. Calculate the highest common divisor of 105 and t.
21
Suppose -5*m - 300 = -45. Let h = -25 - m. Suppose 5*f - 104 = 221. What is the highest common divisor of h and f?
13
Suppose 0 = 2*j + 66 - 78. What is the greatest common divisor of j and 366?
6
Let m be (-34)/(-8) - 1/4. Let w = 3 - -7. Let u be 890/25 - (-4)/w. What is the greatest common divisor of m and u?
4
Let z be 18/42 - (-11)/7. Suppose 5*x = -3*i + 34, i + z*x = 5*x - 12. Calculate the highest common divisor of i and 1.
1
Suppose -5*t - 2*t + 175 = 0. Calculate the highest common factor of 225 and t.
25
Let a be (80/100)/(1/20). Let j be 13 + a/4 + -6. Let n(r) = -r**2 - r + 33. Let c be n(0). Calculate the highest common divisor of c and j.
11
Let x be (-11 - -7) + (8 - 2). Suppose 0 = x*i + r - 148, 2*r = 3*i + 28 - 236. Calculate the greatest common divisor of i and 9.
9
Let i be 2*1 + (-1 - -1). Let g(n) = -2*n**2 + 12*n + 2. Let s be g(6). Calculate the greatest common factor of i and s.
2
Suppose -18 = -5*v + 2*n + 14, 0 = 3*v + 4*n - 14. Calculate the greatest common divisor of 222 and v.
6
Suppose 0 = 2*h + 3*x - 75, -5*h + h - 4*x + 144 = 0. What is the greatest common divisor of 165 and h?
33
Let s = 1 + 6. Suppose -s = -10*i + 3. Calculate the highest common divisor of i and 2.
1
Let f be ((-1)/(-2))/(((-26)/44)/13). Let a(g) = g**2 + 9*g - 16. Let t be a(f). Calculate the highest common factor of 66 and t.
6
Suppose -5*r + 7 = 5*s - 23, 2*r - 4*s = 6. Let q be 209/r + 4/20. Suppose -4*v - 5*v + 54 = 0. What is the greatest common factor of v and q?
6
Suppose -3*g - 8 = 34. Let h be -4 - (-1 + g) - -1. Calculate the highest common divisor of h and 30.
6
Suppose 4 = 4*v, 0 = -t + 7*v - 9*v + 56. What is the highest common divisor of 27 and t?
27
Let h be 3836/20 + (-2)/(-30)*3. What is the greatest common factor of h and 144?
48
Let h be 3032/28 - (1 + 15/(-21)). Calculate the highest common factor of 135 and h.
27
Let r be ((-5)/(-2) - 0)*2. Let g be (12/(-42))/(3/21). Let k be r - (-4 - g)/1. What is the highest common factor of k and 35?
7
Let c(u) = 27*u - 7. Let i be c(5). Calculate the greatest common divisor of i and 704.
64
Let j = 1207 + -1140. Calculate the highest common factor of j and 2.
1
Suppose 4*u - 27 = -7. Suppose -u*m = -0*w + 3*w - 453, 0 = -4*m + 3*w + 357. Calculate the highest common divisor of m and 9.
9
Suppose -165 + 462 = 3*o. What is the highest common factor of 9 and o?
9
Suppose 7*n = 11*n - 36. What is the greatest common factor of n and 171?
9
Let q be 0 + (-111)/9*-9. Let p = q - 61. What is the greatest common divisor of p and 75?
25
Suppose 10 = d + 4*q, -7*d + 62 = -3*d + 5*q. What is the highest common divisor of d and 1746?
18
Let d be (-3 + 0)*(-4 - -5). Let j be (88/(-33))/(2/d) - -1. Calculate the highest common divisor of 3 and j.
1
Suppose 21*g - 15*g = 462. Calculate the highest common factor of g and 77.
77
Suppose -2*m + 345 = i, 3*m + 17*i = 15*i + 515. Calculate the highest common factor of m and 50.
25
Let y = -61 + 75. Calculate the greatest common divisor of y and 182.
14
Let h(d) = -25*d + 8. Let l = -17 + 20. Suppose -4*y - 25 = -l*s, -4*y - 2*s - 4 = 2*s. Let i be h(y). Calculate the greatest common factor of i and 12.
12
Let k(v) = -2*v - 9. Let u be k(-8). Let c be (-15)/(((-9)/4)/(-3)). Let g be 8/c + 144/10. What is the highest common divisor of u and g?
7
Let o = -10 - -12. Let d = 5 - o. Suppose 0 = -3*i, i + d*i = 4*t - 12. What is the highest common factor of t and 21?
3
Suppose g - 5 = -4, 2*g + 10 = 2*t. Let m(y) = -y**2 + 11*y - 13. Let o be m(t). What is the highest common factor of o and 51?
17
Let g be (-41)/82 + 15/2. What is the greatest common factor of 14 and g?
7
Suppose 5*s + 4712 = 4*w, -4*w + 5*w - 1178 = 2*s. Calculate the greatest common factor of 76 and w.
38
Let q be 1684/14 - (-78)/(-273). What is the greatest common divisor of 18 and q?
6
Let z = 191 - 93. What is the highest common factor of z and 14?
14
Suppose 0 = -3*f - 14*n + 12*n + 469, 5*f - 745 = 4*n. What is the highest common divisor of f and 9?
9
Suppose 5*o + 3*f = 777, -f - 3 = -7. Calculate the greatest common factor of o and 68.
17
Let f be 5 + (6/(-24) - 420/(-16)). What is the greatest common divisor of f and 155?
31
Suppose -10*t + 3*t = -14, -558 = -5*p - 4*t. What is the highest common divisor of 170 and p?
10
Let j = 2600 - 2159. What is the highest common divisor of 189 and j?
63
Let l(s) = 5*s - s**2 + 2*s**2 - 3 - 13*s. Let v be l(8). Let q be 5 + v + 1 + 25. What is the greatest common divisor of q and 7?
7
Suppose 4*a = 2*x + 2492, -2*a - 3*x + 1413 - 159 = 0. Calculate the greatest common divisor of a and 39.
39
Let w = -57 + 512. Calculate the greatest common factor of w and 35.
35
Suppose 680 = 207*p - 187*p. What is the highest common factor of p and 918?
34
Suppose 172*c - 41*c = 235538. Calculate the highest common divisor of 62 and c.
62
Suppose -45*p = -54*p + 1260. Calculate the greatest common factor of p and 105.
35
Suppose a - 172 = 2*x, 0 = 2*x + 4*a - 75 + 227. Let d = -78 - x. Calculate the highest common factor of 33 and d.
3
Let z(y) = -y**2 + 1. Let w be z(0). Suppose -5023 + 5021 = -2*c. Calculate the highest common factor of c and w.
1
Let h be -6*2/4 - (-2 + 107). Let c = h - -149. What is the greatest common factor of 451 and c?
41
Let p(a) = a**3 - 9*a**2 - 10*a + 7. Let m be p(10). Suppose 150 = -v + m*v. What is the greatest common divisor of v and 200?
25
Let i be (6 - 4715/(-15)) + 2/(-6). What is the highest common divisor of i and 80?
80
Suppose 0 = 60*y - 63*y + 60. Let d = -22 - -25. Suppose -d*x + 2*b = -0*b - 7, x + 5*b = 25. Calculate the greatest common divisor of x and y.
5
Suppose 2*x - 59 = -v + 24, 77 = 2*x - 5*v. Suppose -4*g + x = 3*m, -4*m - 5 - 1 = g. Calculate the highest common factor of g and 21.
7
Let x be 14*(2 + -1 + 0). Let r = x + -1. Suppose 2*b = 7*b - 715. Calculate the greatest common factor of b and r.
13
Let m be 13 - -2 - (4 - 3). Let q be 643/8 - 6/16. Suppose q + 18 = d. Calculate the greatest common factor of d and m.
14
Suppose -12 = 2*k - 4*k. Suppose k*m - 10 = 8*m. Let f be m/3*(-5 - 37). What is the greatest common factor of 10 and f?
10
Let j be -8 - -5 - 0 - -578. Calculate the greatest common divisor of 100 and j.
25
Let y = 338 - 268. Calculate the highest common divisor of y and 224.
14
Let t(o) = -6*o. Let h 